{"id":860,"date":"2021-05-03T11:14:32","date_gmt":"2021-05-03T11:14:32","guid":{"rendered":"https:\/\/www.special-avto.si\/?page_id=860"},"modified":"2021-08-24T17:46:29","modified_gmt":"2021-08-24T17:46:29","slug":"home","status":"publish","type":"page","link":"https:\/\/www.special-avto.si\/","title":{"rendered":"Home"},"content":{"rendered":"\t\t<div data-elementor-type=\"wp-page\" data-elementor-id=\"860\" class=\"elementor elementor-860\" data-elementor-settings=\"[]\">\n\t\t\t\t\t\t\t<div class=\"elementor-section-wrap\">\n\t\t\t\t\t\t\t<section class=\"elementor-section elementor-top-section elementor-element elementor-element-9f33066 elementor-section-height-min-height elementor-section-boxed elementor-section-height-default elementor-section-items-middle\" data-id=\"9f33066\" data-element_type=\"section\" data-settings=\"{&quot;background_background&quot;:&quot;classic&quot;}\">\n\t\t\t\t\t\t\t<div class=\"elementor-background-overlay\"><\/div>\n\t\t\t\t\t\t\t<div class=\"elementor-container elementor-column-gap-no\">\n\t\t\t\t\t<div class=\"elementor-column elementor-col-100 elementor-top-column elementor-element elementor-element-18cdd36\" data-id=\"18cdd36\" data-element_type=\"column\">\n\t\t\t<div class=\"elementor-widget-wrap elementor-element-populated\">\n\t\t\t\t\t\t\t\t<div class=\"elementor-element elementor-element-aeacf06 elementor-widget elementor-widget-heading\" data-id=\"aeacf06\" data-element_type=\"widget\" data-widget_type=\"heading.default\">\n\t\t\t\t<div class=\"elementor-widget-container\">\n\t\t\t<h1 class=\"elementor-heading-title elementor-size-default\">Gotovinski odkup in prodaja vozil.<br><br><\/h1>\t\t<\/div>\n\t\t\t\t<\/div>\n\t\t\t\t<div class=\"elementor-element elementor-element-52773b9 elementor-widget elementor-widget-text-editor\" data-id=\"52773b9\" data-element_type=\"widget\" data-widget_type=\"text-editor.default\">\n\t\t\t\t<div class=\"elementor-widget-container\">\n\t\t\t\t\t\t\t<p>\u00a0<\/p><p><span style=\"background-color: rgba(255, 255, 255, 0); color: var( --e-global-color-primary ); font-family: Poppins, sans-serif; font-size: 1rem; font-style: inherit; font-weight: inherit;\">Preverite aktualno ponudbo na\u0161ih vozil s klikom na spodnji gumb.<\/span><\/p>\t\t\t\t\t\t<\/div>\n\t\t\t\t<\/div>\n\t\t\t\t<div class=\"elementor-element elementor-element-8c74fce elementor-align-center elementor-widget elementor-widget-button\" data-id=\"8c74fce\" data-element_type=\"widget\" data-widget_type=\"button.default\">\n\t\t\t\t<div class=\"elementor-widget-container\">\n\t\t\t\t\t<div class=\"elementor-button-wrapper\">\n\t\t\t<a href=\"https:\/\/www.avto.net\/Ads\/results.asp?znamka=&#038;model=&#038;modelID=&#038;tip=&#038;znamka2=&#038;model2=&#038;tip2=&#038;znamka3=&#038;model3=&#038;tip3=&#038;cenaMin=0&#038;cenaMax=999999&#038;letnikMin=0&#038;letnikMax=2090&#038;bencin=0&#038;starost2=999&#038;oblika=0&#038;ccmMin=0&#038;ccmMax=99999&#038;mocMin=0&#038;mocMax=999999&#038;kmMin=0&#038;kmMax=9999999&#038;kwMin=0&#038;kwMax=999999&#038;motortakt=0&#038;motorvalji=0&#038;lokacija=0&#038;sirina=0&#038;dolzina=&#038;dolzinaMIN=0&#038;dolzinaMAX=100&#038;nosilnostMIN=0&#038;nosilnostMAX=999999&#038;lezisc=&#038;presek=0&#038;premer=0&#038;col=0&#038;vijakov=0&#038;EToznaka=0&#038;vozilo=&#038;airbag=&#038;barva=&#038;barvaint=&#038;EQ1=1000000000&#038;EQ2=1000000000&#038;EQ3=1000000000&#038;EQ4=100000000&#038;EQ5=1000000000&#038;EQ6=1000001000&#038;EQ7=1110100122&#038;EQ8=1010000001&#038;EQ9=100000&#038;KAT=1010000000&#038;PIA=&#038;PIAzero=&#038;PSLO=&#038;akcija=0&#038;paketgarancije=&#038;broker=14227&#038;prikazkategorije=0&#038;kategorija=0&#038;ONLvid=0&#038;ONLnak=0&#038;zaloga=10&#038;arhiv=0&#038;presort=&#038;tipsort=&#038;stran=\" class=\"elementor-button-link elementor-button elementor-size-lg\" role=\"button\">\n\t\t\t\t\t\t<span class=\"elementor-button-content-wrapper\">\n\t\t\t\t\t\t<span class=\"elementor-button-icon elementor-align-icon-left\">\n\t\t\t\t<i aria-hidden=\"true\" class=\"fas fa-car\"><\/i>\t\t\t<\/span>\n\t\t\t\t\t\t<span class=\"elementor-button-text\">PREVERITE PONUDBO<\/span>\n\t\t<\/span>\n\t\t\t\t\t<\/a>\n\t\t<\/div>\n\t\t\t\t<\/div>\n\t\t\t\t<\/div>\n\t\t\t\t\t<\/div>\n\t\t<\/div>\n\t\t\t\t\t\t\t<\/div>\n\t\t<\/section>\n\t\t\t\t<section class=\"elementor-section elementor-top-section elementor-element elementor-element-30241a9 elementor-section-content-middle elementor-section-boxed elementor-section-height-default elementor-section-height-default\" data-id=\"30241a9\" data-element_type=\"section\" data-settings=\"{&quot;background_background&quot;:&quot;classic&quot;}\">\n\t\t\t\t\t\t<div class=\"elementor-container elementor-column-gap-no\">\n\t\t\t\t\t<div class=\"elementor-column elementor-col-50 elementor-top-column elementor-element elementor-element-9de800e\" data-id=\"9de800e\" data-element_type=\"column\">\n\t\t\t<div class=\"elementor-widget-wrap elementor-element-populated\">\n\t\t\t\t\t\t\t\t<div class=\"elementor-element elementor-element-04acf39 elementor-widget elementor-widget-heading\" data-id=\"04acf39\" data-element_type=\"widget\" data-widget_type=\"heading.default\">\n\t\t\t\t<div class=\"elementor-widget-container\">\n\t\t\t<h2 class=\"elementor-heading-title elementor-size-default\">Prodaja in gotovinski odkup vozil<\/h2>\t\t<\/div>\n\t\t\t\t<\/div>\n\t\t\t\t<div class=\"elementor-element elementor-element-b0df945 elementor-widget elementor-widget-text-editor\" data-id=\"b0df945\" data-element_type=\"widget\" data-widget_type=\"text-editor.default\">\n\t\t\t\t<div class=\"elementor-widget-container\">\n\t\t\t\t\t\t\t<ul><li>Na\u0161o primarno dejavnost predstavlja\u00a0prodaja\u00a0in gotovinski odkup vozil.<\/li><li>Va\u0161e vozilo lahko tudi ocenimo in zanj priskrbimo razli\u010dne oblike financiranja ali kreditiranja.<\/li><li><p>Za na\u0161e stranke uredimo do 50%komercialni \u00a0popust pri zavarovanju ne glede na bonus.<\/p><\/li><\/ul>\t\t\t\t\t\t<\/div>\n\t\t\t\t<\/div>\n\t\t\t\t\t<\/div>\n\t\t<\/div>\n\t\t\t\t<div class=\"elementor-column elementor-col-50 elementor-top-column elementor-element elementor-element-9345872\" data-id=\"9345872\" data-element_type=\"column\">\n\t\t\t<div class=\"elementor-widget-wrap elementor-element-populated\">\n\t\t\t\t\t\t\t\t<div class=\"elementor-element elementor-element-2c9adce elementor-widget elementor-widget-image\" data-id=\"2c9adce\" data-element_type=\"widget\" data-widget_type=\"image.default\">\n\t\t\t\t<div class=\"elementor-widget-container\">\n\t\t\t\t\t\t\t\t\t\t\t\t\t\t\t<img width=\"1365\" height=\"2048\" src=\"https:\/\/www.special-avto.si\/wp-content\/uploads\/2021\/08\/a3-1365x2048.jpg\" class=\"attachment-2048x2048 size-2048x2048\" alt=\"\" loading=\"lazy\" \/>\t\t\t\t\t\t\t\t\t\t\t\t\t\t\t<\/div>\n\t\t\t\t<\/div>\n\t\t\t\t\t<\/div>\n\t\t<\/div>\n\t\t\t\t\t\t\t<\/div>\n\t\t<\/section>\n\t\t\t\t<section class=\"elementor-section elementor-top-section elementor-element elementor-element-7cf8592f elementor-section-full_width elementor-section-height-default elementor-section-height-default\" data-id=\"7cf8592f\" data-element_type=\"section\" data-settings=\"{&quot;background_background&quot;:&quot;classic&quot;}\">\n\t\t\t\t\t\t<div class=\"elementor-container elementor-column-gap-no\">\n\t\t\t\t\t<div class=\"elementor-column elementor-col-100 elementor-top-column elementor-element elementor-element-54763b16\" data-id=\"54763b16\" data-element_type=\"column\">\n\t\t\t<div class=\"elementor-widget-wrap elementor-element-populated\">\n\t\t\t\t\t\t\t\t<div class=\"elementor-element elementor-element-544d4d2b elementor-widget elementor-widget-google_maps\" data-id=\"544d4d2b\" data-element_type=\"widget\" data-widget_type=\"google_maps.default\">\n\t\t\t\t<div class=\"elementor-widget-container\">\n\t\t\t\t\t<div class=\"elementor-custom-embed\">\n\t\t\t<iframe frameborder=\"0\" scrolling=\"no\" marginheight=\"0\" marginwidth=\"0\"\n\t\t\t\t\tsrc=\"https:\/\/maps.google.com\/maps?q=okornova%20ulica%203&#038;t=m&#038;z=16&#038;output=embed&#038;iwloc=near\"\n\t\t\t\t\ttitle=\"okornova ulica 3\"\n\t\t\t\t\taria-label=\"okornova ulica 3\"\n\t\t\t><\/iframe>\n\t\t<\/div>\n\t\t\t\t<\/div>\n\t\t\t\t<\/div>\n\t\t\t\t<section class=\"elementor-section elementor-inner-section elementor-element elementor-element-34a5f957 elementor-section-content-middle elementor-section-boxed elementor-section-height-default elementor-section-height-default\" data-id=\"34a5f957\" data-element_type=\"section\">\n\t\t\t\t\t\t<div class=\"elementor-container elementor-column-gap-no\">\n\t\t\t\t\t<div class=\"elementor-column elementor-col-33 elementor-inner-column elementor-element elementor-element-3925d0fd\" data-id=\"3925d0fd\" data-element_type=\"column\">\n\t\t\t<div class=\"elementor-widget-wrap elementor-element-populated\">\n\t\t\t\t\t\t\t\t<div class=\"elementor-element elementor-element-7f117c51 elementor-widget elementor-widget-heading\" data-id=\"7f117c51\" data-element_type=\"widget\" data-widget_type=\"heading.default\">\n\t\t\t\t<div class=\"elementor-widget-container\">\n\t\t\t<h6 class=\"elementor-heading-title elementor-size-default\">Lokacija<\/h6>\t\t<\/div>\n\t\t\t\t<\/div>\n\t\t\t\t<div class=\"elementor-element elementor-element-6a628cd6 elementor-widget elementor-widget-text-editor\" data-id=\"6a628cd6\" data-element_type=\"widget\" data-widget_type=\"text-editor.default\">\n\t\t\t\t<div class=\"elementor-widget-container\">\n\t\t\t\t\t\t\t<p>Okornova Ulica 3<br \/>4000 Kranj<\/p>\t\t\t\t\t\t<\/div>\n\t\t\t\t<\/div>\n\t\t\t\t\t<\/div>\n\t\t<\/div>\n\t\t\t\t<div class=\"elementor-column elementor-col-33 elementor-inner-column elementor-element elementor-element-5ba6ea5\" data-id=\"5ba6ea5\" data-element_type=\"column\">\n\t\t\t<div class=\"elementor-widget-wrap elementor-element-populated\">\n\t\t\t\t\t\t\t\t<div class=\"elementor-element elementor-element-15d7a94 elementor-widget elementor-widget-heading\" data-id=\"15d7a94\" data-element_type=\"widget\" data-widget_type=\"heading.default\">\n\t\t\t\t<div class=\"elementor-widget-container\">\n\t\t\t<h6 class=\"elementor-heading-title elementor-size-default\">Delovni \u010das<\/h6>\t\t<\/div>\n\t\t\t\t<\/div>\n\t\t\t\t<div class=\"elementor-element elementor-element-d2c06d3 elementor-widget elementor-widget-text-editor\" data-id=\"d2c06d3\" data-element_type=\"widget\" data-widget_type=\"text-editor.default\">\n\t\t\t\t<div class=\"elementor-widget-container\">\n\t\t\t\t\t\t\t<p>Po dogovoru<\/p>\t\t\t\t\t\t<\/div>\n\t\t\t\t<\/div>\n\t\t\t\t\t<\/div>\n\t\t<\/div>\n\t\t\t\t<div class=\"elementor-column elementor-col-33 elementor-inner-column elementor-element elementor-element-b35380f\" data-id=\"b35380f\" data-element_type=\"column\">\n\t\t\t<div class=\"elementor-widget-wrap elementor-element-populated\">\n\t\t\t\t\t\t\t\t<div class=\"elementor-element elementor-element-a142fcd elementor-widget elementor-widget-heading\" data-id=\"a142fcd\" data-element_type=\"widget\" data-widget_type=\"heading.default\">\n\t\t\t\t<div class=\"elementor-widget-container\">\n\t\t\t<h6 class=\"elementor-heading-title elementor-size-default\">Kontakt<\/h6>\t\t<\/div>\n\t\t\t\t<\/div>\n\t\t\t\t<div class=\"elementor-element elementor-element-9dfdfd1 elementor-widget elementor-widget-text-editor\" data-id=\"9dfdfd1\" data-element_type=\"widget\" data-widget_type=\"text-editor.default\">\n\t\t\t\t<div class=\"elementor-widget-container\">\n\t\t\t\t\t\t\t<p><b>Telefon<\/b>:&nbsp;<br><span style=\"font-style: inherit;\"><span style=\"font-weight: inherit;\">030 315 513<\/span><br><\/span><b style=\"font-style: inherit;\">Email<\/b><span style=\"font-style: inherit; font-weight: inherit;\">: special.avtoprodaja@gmail.com<\/span><\/p>\t\t\t\t\t\t<\/div>\n\t\t\t\t<\/div>\n\t\t\t\t\t<\/div>\n\t\t<\/div>\n\t\t\t\t\t\t\t<\/div>\n\t\t<\/section>\n\t\t\t\t\t<\/div>\n\t\t<\/div>\n\t\t\t\t\t\t\t<\/div>\n\t\t<\/section>\n\t\t\t\t\t\t<\/div>\n\t\t\t\t\t<\/div>\n\t\t","protected":false},"excerpt":{"rendered":"<p>Gotovinski odkup in prodaja vozil. \u00a0 Preverite aktualno ponudbo na\u0161ih vozil s klikom na spodnji gumb. PREVERITE PONUDBO Prodaja in gotovinski odkup vozil Na\u0161o primarno dejavnost predstavlja\u00a0prodaja\u00a0in gotovinski odkup vozil. Va\u0161e vozilo lahko tudi ocenimo in zanj priskrbimo razli\u010dne oblike financiranja ali kreditiranja. Za na\u0161e stranke uredimo do 50%komercialni \u00a0popust pri zavarovanju ne glede na &hellip;<\/p>\n<p class=\"read-more\"> <a class=\"\" href=\"https:\/\/www.special-avto.si\/\"> <span class=\"screen-reader-text\">Home<\/span> Read More &raquo;<\/a><\/p>\n","protected":false},"author":1,"featured_media":0,"parent":0,"menu_order":0,"comment_status":"closed","ping_status":"closed","template":"","meta":[],"_links":{"self":[{"href":"https:\/\/www.special-avto.si\/index.php?rest_route=\/wp\/v2\/pages\/860"}],"collection":[{"href":"https:\/\/www.special-avto.si\/index.php?rest_route=\/wp\/v2\/pages"}],"about":[{"href":"https:\/\/www.special-avto.si\/index.php?rest_route=\/wp\/v2\/types\/page"}],"author":[{"embeddable":true,"href":"https:\/\/www.special-avto.si\/index.php?rest_route=\/wp\/v2\/users\/1"}],"replies":[{"embeddable":true,"href":"https:\/\/www.special-avto.si\/index.php?rest_route=%2Fwp%2Fv2%2Fcomments&post=860"}],"version-history":[{"count":75,"href":"https:\/\/www.special-avto.si\/index.php?rest_route=\/wp\/v2\/pages\/860\/revisions"}],"predecessor-version":[{"id":958,"href":"https:\/\/www.special-avto.si\/index.php?rest_route=\/wp\/v2\/pages\/860\/revisions\/958"}],"wp:attachment":[{"href":"https:\/\/www.special-avto.si\/index.php?rest_route=%2Fwp%2Fv2%2Fmedia&parent=860"}],"curies":[{"name":"wp","href":"https:\/\/api.w.org\/{rel}","templated":true}]}}